{"id":225,"date":"2013-01-18T14:32:28","date_gmt":"2013-01-18T13:32:28","guid":{"rendered":"http:\/\/www.naardiagnosenerkraeft.dk\/?page_id=225"},"modified":"2019-01-28T17:22:37","modified_gmt":"2019-01-28T16:22:37","slug":"nar-diagnosen-er-kraeft","status":"publish","type":"page","link":"https:\/\/www.naardiagnosenerkraeft.dk\/","title":{"rendered":"N\u00e5r diagnosen er kr\u00e6ft"},"content":{"rendered":"\n<div class=\"wp-block-image\"><figure class=\"alignright is-resized\"><img loading=\"lazy\" decoding=\"async\" src=\"https:\/\/www.naardiagnosenerkraeft.dk\/wp-content\/uploads\/2013\/01\/diagnosen_er_kraeft.jpg\" alt=\"N\u00e5r diagnosen er kr\u00e6ft\" class=\"wp-image-248\" width=\"275\" height=\"395\" srcset=\"https:\/\/www.naardiagnosenerkraeft.dk\/wp-content\/uploads\/2013\/01\/diagnosen_er_kraeft.jpg 500w, https:\/\/www.naardiagnosenerkraeft.dk\/wp-content\/uploads\/2013\/01\/diagnosen_er_kraeft-208x300.jpg 208w, https:\/\/www.naardiagnosenerkraeft.dk\/wp-content\/uploads\/2013\/01\/diagnosen_er_kraeft-209x300.jpg 209w\" sizes=\"auto, (max-width: 275px) 100vw, 275px\" \/><\/figure><\/div>\n\n\n<p>N\u00e5r man ved, hvad der fremmer kr\u00e6ftudvikling, har man gode muligheder for at undg\u00e5 sygdommen i f\u00f8rste omgang. N\u00e5r man har f\u00e5et diagnosen kr\u00e6ft er denne viden uvurderlig. Kr\u00e6ftpatienter har typisk et stort behov for selv at g\u00f8re\u00a0noget for at f\u00e5 kontrol med sygdommen, men er ofte i tvivl om hvordan. Det kan denne bog v\u00e6re med til at skabe overblik over.<\/p>\n<p>Det drejer sig prim\u00e6rt om, hvordan du med relativt simple midler kan give kr\u00e6ften d\u00e5rlige v\u00e6kstbetingelser og styrke kroppens egne helingsprocesser mest muligt. Det er en viden, som kan give kr\u00e6ften kamp til stregen og give dig redskaber til at genoprette balancen i din krop, s\u00e5 sygdommen ikke vender tilbage.<\/p>\n<p>Bogen &#8220;N\u00e5r diagnosen er kr\u00e6ft &#8211; en selvhj\u00e6lpsbog for kr\u00e6ftpatienter og deres p\u00e5r\u00f8rende&#8221; er udkommet p\u00e5 forlaget Hovedland.<\/p><div style=\"padding-bottom:20px; padding-top:10px;\" class=\"hupso-share-buttons\"><!-- Hupso Share Buttons - https:\/\/www.hupso.com\/share\/ --><a class=\"hupso_toolbar\" href=\"https:\/\/www.hupso.com\/share\/\"><img decoding=\"async\" src=\"https:\/\/static.hupso.com\/share\/buttons\/lang\/da\/share-small.png\" style=\"border:0px; padding-top: 5px; float:left;\" alt=\"Share Button\"\/><\/a><script type=\"text\/javascript\">var hupso_services_t=new Array(\"Twitter\",\"Facebook\",\"Google Plus\",\"Pinterest\",\"Linkedin\");var hupso_background_t=\"#EAF4FF\";var hupso_border_t=\"#66CCFF\";var hupso_toolbar_size_t=\"small\";var hupso_image_folder_url = \"\";var hupso_url_t=\"\";var hupso_title_t=\"N%C3%A5r%20diagnosen%20er%20kr%C3%A6ft\";<\/script><script type=\"text\/javascript\" src=\"https:\/\/static.hupso.com\/share\/js\/share_toolbar.js\"><\/script><!-- Hupso Share Buttons --><\/div>","protected":false},"excerpt":{"rendered":"<p>N\u00e5r man ved, hvad der fremmer kr\u00e6ftudvikling, har man gode muligheder for at undg\u00e5 sygdommen i f\u00f8rste omgang. N\u00e5r man har f\u00e5et diagnosen kr\u00e6ft er denne viden uvurderlig. Kr\u00e6ftpatienter har typisk et stort behov for selv at g\u00f8re\u00a0noget for at &hellip; <a href=\"https:\/\/www.naardiagnosenerkraeft.dk\/\">L\u00e6s resten <span class=\"meta-nav\">&rarr;<\/span><\/a><\/p>\n<div style=\"padding-bottom:20px; padding-top:10px;\" class=\"hupso-share-buttons\"><!-- Hupso Share Buttons - https:\/\/www.hupso.com\/share\/ --><a class=\"hupso_toolbar\" href=\"https:\/\/www.hupso.com\/share\/\"><img src=\"https:\/\/static.hupso.com\/share\/buttons\/lang\/da\/share-small.png\" style=\"border:0px; padding-top: 5px; float:left;\" alt=\"Share Button\"\/><\/a><script type=\"text\/javascript\">var hupso_services_t=new Array(\"Twitter\",\"Facebook\",\"Google Plus\",\"Pinterest\",\"Linkedin\");var hupso_background_t=\"#EAF4FF\";var hupso_border_t=\"#66CCFF\";var hupso_toolbar_size_t=\"small\";var hupso_image_folder_url = \"\";var hupso_url_t=\"\";var hupso_title_t=\"N%C3%A5r%20diagnosen%20er%20kr%C3%A6ft\";<\/script><script type=\"text\/javascript\" src=\"https:\/\/static.hupso.com\/share\/js\/share_toolbar.js\"><\/script><!-- Hupso Share Buttons --><\/div>","protected":false},"author":2,"featured_media":0,"parent":0,"menu_order":0,"comment_status":"closed","ping_status":"closed","template":"","meta":{"footnotes":""},"class_list":["post-225","page","type-page","status-publish","hentry"],"_links":{"self":[{"href":"https:\/\/www.naardiagnosenerkraeft.dk\/index.php?rest_route=\/wp\/v2\/pages\/225","targetHints":{"allow":["GET"]}}],"collection":[{"href":"https:\/\/www.naardiagnosenerkraeft.dk\/index.php?rest_route=\/wp\/v2\/pages"}],"about":[{"href":"https:\/\/www.naardiagnosenerkraeft.dk\/index.php?rest_route=\/wp\/v2\/types\/page"}],"author":[{"embeddable":true,"href":"https:\/\/www.naardiagnosenerkraeft.dk\/index.php?rest_route=\/wp\/v2\/users\/2"}],"replies":[{"embeddable":true,"href":"https:\/\/www.naardiagnosenerkraeft.dk\/index.php?rest_route=%2Fwp%2Fv2%2Fcomments&post=225"}],"version-history":[{"count":19,"href":"https:\/\/www.naardiagnosenerkraeft.dk\/index.php?rest_route=\/wp\/v2\/pages\/225\/revisions"}],"predecessor-version":[{"id":692,"href":"https:\/\/www.naardiagnosenerkraeft.dk\/index.php?rest_route=\/wp\/v2\/pages\/225\/revisions\/692"}],"wp:attachment":[{"href":"https:\/\/www.naardiagnosenerkraeft.dk\/index.php?rest_route=%2Fwp%2Fv2%2Fmedia&parent=225"}],"curies":[{"name":"wp","href":"https:\/\/api.w.org\/{rel}","templated":true}]}}