{"id":286,"date":"2013-05-09T16:50:52","date_gmt":"2013-05-09T14:50:52","guid":{"rendered":"http:\/\/www.naardiagnosenerkraeft.dk\/?page_id=286"},"modified":"2013-08-19T23:00:53","modified_gmt":"2013-08-19T21:00:53","slug":"gurkemeje-haemmer-spredning-af-hoved-halskraeft","status":"publish","type":"page","link":"https:\/\/www.naardiagnosenerkraeft.dk\/?page_id=286","title":{"rendered":"Gurkemeje h\u00e6mmer spredning af hoved-halskr\u00e6ft"},"content":{"rendered":"<p><a href=\"http:\/\/www.naardiagnosenerkraeft.dk\/wp-content\/uploads\/2013\/05\/Curcumin2.jpg\"><img loading=\"lazy\" decoding=\"async\" class=\"alignright size-full wp-image-385\" alt=\"Curcumin2\" src=\"http:\/\/www.naardiagnosenerkraeft.dk\/wp-content\/uploads\/2013\/05\/Curcumin2.jpg\" width=\"180\" height=\"150\" \/><\/a>Et studie udf\u00f8rt af forskere p\u00e5 UCLA (University of California Los Angeles) har fundet ud af, at det aktive indholdsstof i gurkemeje \u2013 curcumin \u2013 h\u00e6mmer spredningen af kr\u00e6ft ved at blokere et vigtigt enzym, som f\u00e5r kr\u00e6ften til at vokse. 21 patienter med hoved-halskr\u00e6ft fik et tilskud p\u00e5 2 x 1.000 mg curcumin hver. Resultaterne blev analyseret af et uafh\u00e6ngigt laboratorium i Maryland, som bekr\u00e6ftede, at curcumin havde standset spredningen af kr\u00e6ftcellerne.<\/p>\n<p><a href=\"http:\/\/naturalsociety.com\/tumeric-curcumin-naturally-block-cancer-cells\/\">http:\/\/naturalsociety.com\/tumeric-curcumin-naturally-block-cancer-cells\/<\/a><\/p>\n<div style=\"padding-bottom:20px; padding-top:10px;\" class=\"hupso-share-buttons\"><!-- Hupso Share Buttons - https:\/\/www.hupso.com\/share\/ --><a class=\"hupso_toolbar\" href=\"https:\/\/www.hupso.com\/share\/\"><img decoding=\"async\" src=\"https:\/\/static.hupso.com\/share\/buttons\/lang\/da\/share-small.png\" style=\"border:0px; padding-top: 5px; float:left;\" alt=\"Share Button\"\/><\/a><script type=\"text\/javascript\">var hupso_services_t=new Array(\"Twitter\",\"Facebook\",\"Google Plus\",\"Pinterest\",\"Linkedin\");var hupso_background_t=\"#EAF4FF\";var hupso_border_t=\"#66CCFF\";var hupso_toolbar_size_t=\"small\";var hupso_image_folder_url = \"\";var hupso_url_t=\"\";var hupso_title_t=\"Gurkemeje%20h%C3%A6mmer%20spredning%20af%20hoved-halskr%C3%A6ft\";<\/script><script type=\"text\/javascript\" src=\"https:\/\/static.hupso.com\/share\/js\/share_toolbar.js\"><\/script><!-- Hupso Share Buttons --><\/div>","protected":false},"excerpt":{"rendered":"<p>Et studie udf\u00f8rt af forskere p\u00e5 UCLA (University of California Los Angeles) har fundet ud af, at det aktive indholdsstof i gurkemeje \u2013 curcumin \u2013 h\u00e6mmer spredningen af kr\u00e6ft ved at blokere et vigtigt enzym, som f\u00e5r kr\u00e6ften til at &hellip; <a href=\"https:\/\/www.naardiagnosenerkraeft.dk\/?page_id=286\">L\u00e6s resten <span class=\"meta-nav\">&rarr;<\/span><\/a><\/p>\n<div style=\"padding-bottom:20px; padding-top:10px;\" class=\"hupso-share-buttons\"><!-- Hupso Share Buttons - https:\/\/www.hupso.com\/share\/ --><a class=\"hupso_toolbar\" href=\"https:\/\/www.hupso.com\/share\/\"><img src=\"https:\/\/static.hupso.com\/share\/buttons\/lang\/da\/share-small.png\" style=\"border:0px; padding-top: 5px; float:left;\" alt=\"Share Button\"\/><\/a><script type=\"text\/javascript\">var hupso_services_t=new Array(\"Twitter\",\"Facebook\",\"Google Plus\",\"Pinterest\",\"Linkedin\");var hupso_background_t=\"#EAF4FF\";var hupso_border_t=\"#66CCFF\";var hupso_toolbar_size_t=\"small\";var hupso_image_folder_url = \"\";var hupso_url_t=\"\";var hupso_title_t=\"Gurkemeje%20h%C3%A6mmer%20spredning%20af%20hoved-halskr%C3%A6ft\";<\/script><script type=\"text\/javascript\" src=\"https:\/\/static.hupso.com\/share\/js\/share_toolbar.js\"><\/script><!-- Hupso Share Buttons --><\/div>","protected":false},"author":2,"featured_media":0,"parent":0,"menu_order":0,"comment_status":"closed","ping_status":"closed","template":"","meta":{"footnotes":""},"class_list":["post-286","page","type-page","status-publish","hentry"],"_links":{"self":[{"href":"https:\/\/www.naardiagnosenerkraeft.dk\/index.php?rest_route=\/wp\/v2\/pages\/286","targetHints":{"allow":["GET"]}}],"collection":[{"href":"https:\/\/www.naardiagnosenerkraeft.dk\/index.php?rest_route=\/wp\/v2\/pages"}],"about":[{"href":"https:\/\/www.naardiagnosenerkraeft.dk\/index.php?rest_route=\/wp\/v2\/types\/page"}],"author":[{"embeddable":true,"href":"https:\/\/www.naardiagnosenerkraeft.dk\/index.php?rest_route=\/wp\/v2\/users\/2"}],"replies":[{"embeddable":true,"href":"https:\/\/www.naardiagnosenerkraeft.dk\/index.php?rest_route=%2Fwp%2Fv2%2Fcomments&post=286"}],"version-history":[{"count":2,"href":"https:\/\/www.naardiagnosenerkraeft.dk\/index.php?rest_route=\/wp\/v2\/pages\/286\/revisions"}],"predecessor-version":[{"id":288,"href":"https:\/\/www.naardiagnosenerkraeft.dk\/index.php?rest_route=\/wp\/v2\/pages\/286\/revisions\/288"}],"wp:attachment":[{"href":"https:\/\/www.naardiagnosenerkraeft.dk\/index.php?rest_route=%2Fwp%2Fv2%2Fmedia&parent=286"}],"curies":[{"name":"wp","href":"https:\/\/api.w.org\/{rel}","templated":true}]}}