{"id":294,"date":"2013-05-11T08:37:29","date_gmt":"2013-05-11T06:37:29","guid":{"rendered":"http:\/\/www.naardiagnosenerkraeft.dk\/?page_id=294"},"modified":"2013-08-25T20:23:46","modified_gmt":"2013-08-25T18:23:46","slug":"ingefaer-reducerer-kvalme-hos-kraeftpatienter-under-behandling","status":"publish","type":"page","link":"https:\/\/www.naardiagnosenerkraeft.dk\/?page_id=294","title":{"rendered":"Ingef\u00e6r reducerer kvalme hos kr\u00e6ftpatienter under behandling"},"content":{"rendered":"<p><a href=\"http:\/\/www.naardiagnosenerkraeft.dk\/wp-content\/uploads\/2013\/05\/Ingef\u00e6r-the-mod-kvalme1.jpg\"><img loading=\"lazy\" decoding=\"async\" class=\"alignright size-full wp-image-400\" alt=\"Ingef\u00e6r the mod kvalme\" src=\"http:\/\/www.naardiagnosenerkraeft.dk\/wp-content\/uploads\/2013\/05\/Ingef\u00e6r-the-mod-kvalme1.jpg\" width=\"628\" height=\"371\" srcset=\"https:\/\/www.naardiagnosenerkraeft.dk\/wp-content\/uploads\/2013\/05\/Ingef\u00e6r-the-mod-kvalme1.jpg 628w, https:\/\/www.naardiagnosenerkraeft.dk\/wp-content\/uploads\/2013\/05\/Ingef\u00e6r-the-mod-kvalme1-300x177.jpg 300w\" sizes=\"auto, (max-width: 628px) 100vw, 628px\" \/><\/a><\/p>\n<p>Kr\u00e6ftpatienter opfatter kvalme og opkastninger som nogle af de mest generende bivirkninger, n\u00e5r de f\u00e5r kemobehandling.<a title=\"\" href=\"#_ftn1\">[1]<\/a> Behandles opkastningerne ikke, kan det medf\u00f8re dehydrering, stofskifteproblemer, vitaminmangel og i v\u00e6rste fald skader i spiser\u00f8ret. Det er sv\u00e6rt at f\u00e5 en hverdag til at fungere og giver d\u00e5rligere livskvalitet.<\/p>\n<p>If\u00f8lge en artikel i European Oncology fra 2010<a title=\"\" href=\"#_ftn2\">[2]<\/a> rapporterer op til 70% af de voksne patienter og 58% af de b\u00f8rn og unge, der f\u00e5r visse typer kemoterapi om kvalme p\u00e5 trods af udbredt brug af kvalmestillende medicin p\u00e5 sygehusene.<a title=\"\" href=\"#_ftn3\">[3]<\/a><\/p>\n<p>Forskerne inddeler kvalme som f\u00f8lge af kemoterapi i tre typer: \u201dforventningskvalme\u201d, akut og forsinket kvalme.<\/p>\n<p>Den f\u00f8rst type kommer f\u00f8r behandlingen starter, fordi kr\u00e6ftpatienterne har en formodning om, at de vil f\u00e5 kvalme af behandlingen. Den viser sig hos 8-20% af patienterne.<a title=\"\" href=\"#_ftn4\">[4]<\/a> \u201dForventningskvalme\u201d er indrapporteret fra 20% af patienterne ved hver serie af kemo og fra 25-30% fra 4. serie af kemobehandlingen.<\/p>\n<p><b>Ingef\u00e6r kan hj\u00e6lpe<br \/>\n<\/b>Et stort studie fra University of Rochester blev pr\u00e6senteret p\u00e5 en konference i American Society of Clinical Oncology. Studiet omfattede 644 kr\u00e6ftpatienter, som fik kemobehandling fortrinsvis for brystkr\u00e6ft, kr\u00e6ft i ford\u00f8jelseskanalen og lungekr\u00e6ft.<\/p>\n<p>Derudover fik de enten placebo eller kapsler med henholdsvis 0,5 gram, 1 gram eller 1,5 gram ingef\u00e6r. Alle doser af ingef\u00e6r var signifikant bedre end placebo. De mest effektive doser bar 0,5 gram og 1 gram dagligt.<a title=\"\" href=\"#_ftn5\">[5]<\/a><\/p>\n<p>Inge Kellermann<br \/>\nwww.helsemail.dk<br \/>\n<a href=\"http:\/\/www.n\u00e5rdiagnosenerkr\u00e6ft.dk\">www.n\u00e5rdiagnosenerkr\u00e6ft.dk<\/a><\/p>\n<p>&nbsp;<\/p>\n<div><br clear=\"all\" \/><\/p>\n<hr align=\"left\" size=\"1\" width=\"33%\" \/>\n<div>\n<p><a title=\"\" href=\"#_ftnref1\">[1]<\/a> Bliss JM, Robertson B, Selby P, Br J Cancer, 1992;66 (Suppl. 19):814\u201323.<\/p>\n<p>Schwartzberg LS, J Support Oncol, 2007;5(2 Suppl.):5\u201312<\/p>\n<\/div>\n<div>\n<p><a title=\"\" href=\"#_ftnref2\">[2]<\/a> <i>European Oncology<\/i>, 2010;6(2):14-6<\/p>\n<\/div>\n<div>\n<p><a title=\"\" href=\"#_ftnref3\">[3]<\/a> Hickok JT, Roscoe JA, Morrow GR, et al., Cancer, 1999;86(1):64\u201371.<\/p>\n<p>Holdsworth MT, Raisch DW, Frost J, Cancer, 2006;106(4): 931\u201340.<\/p>\n<\/div>\n<div>\n<p><a title=\"\" href=\"#_ftnref4\">[4]<\/a> Morrow GR, Hickok JT, Rosenthal SN, Cancer, 1995;76(3):343\u201357.<\/p>\n<p>Jacobsen PB, Bovbjerg DH, Redd WH, Health Psychol, 1993;12(6):469\u201375.<\/p>\n<p>Morrow GR, Roscoe JA. In: Dicato M (ed.), Medical Management of Cancer Treatment Induced Emesis, London: Martin Dunitz; 1997:149\u201366.<\/p>\n<\/div>\n<div>\n<p><a title=\"\" href=\"#_ftnref5\">[5]<\/a> Ryan JL et al. Ginger for chemotherapy-related nausea in cancer patients: a URCC CCOP<\/p>\n<p>randomized, double-blind placebo-controlled clinical trial of 644 cancer patients. Presented at:<\/p>\n<p>American Society of Clinical Oncology Annual Meeting, May 30, 2009. J Clin Oncol. 27:15s,<\/p>\n<p>2009 (suppl; Abstr 9511)<\/p>\n<p><a href=\"http:\/\/www.lifeovercancer.com\/Test86\/pdf\/Ginger%20relieves%20chemo-related%20nausea.pdf\">http:\/\/www.lifeovercancer.com\/Test86\/pdf\/Ginger%20relieves%20chemo-related%20nausea.pdf<\/a><\/p>\n<p>&nbsp;<\/p>\n<\/div>\n<\/div>\n<div style=\"padding-bottom:20px; padding-top:10px;\" class=\"hupso-share-buttons\"><!-- Hupso Share Buttons - https:\/\/www.hupso.com\/share\/ --><a class=\"hupso_toolbar\" href=\"https:\/\/www.hupso.com\/share\/\"><img decoding=\"async\" src=\"https:\/\/static.hupso.com\/share\/buttons\/lang\/da\/share-small.png\" style=\"border:0px; padding-top: 5px; float:left;\" alt=\"Share Button\"\/><\/a><script type=\"text\/javascript\">var hupso_services_t=new Array(\"Twitter\",\"Facebook\",\"Google Plus\",\"Pinterest\",\"Linkedin\");var hupso_background_t=\"#EAF4FF\";var hupso_border_t=\"#66CCFF\";var hupso_toolbar_size_t=\"small\";var hupso_image_folder_url = \"\";var hupso_url_t=\"\";var hupso_title_t=\"Ingef%C3%A6r%20reducerer%20kvalme%20hos%20kr%C3%A6ftpatienter%20under%20behandling\";<\/script><script type=\"text\/javascript\" src=\"https:\/\/static.hupso.com\/share\/js\/share_toolbar.js\"><\/script><!-- Hupso Share Buttons --><\/div>","protected":false},"excerpt":{"rendered":"<p>Kr\u00e6ftpatienter opfatter kvalme og opkastninger som nogle af de mest generende bivirkninger, n\u00e5r de f\u00e5r kemobehandling.[1] Behandles opkastningerne ikke, kan det medf\u00f8re dehydrering, stofskifteproblemer, vitaminmangel og i v\u00e6rste fald skader i spiser\u00f8ret. Det er sv\u00e6rt at f\u00e5 en hverdag til &hellip; <a href=\"https:\/\/www.naardiagnosenerkraeft.dk\/?page_id=294\">L\u00e6s resten <span class=\"meta-nav\">&rarr;<\/span><\/a><\/p>\n<div style=\"padding-bottom:20px; padding-top:10px;\" class=\"hupso-share-buttons\"><!-- Hupso Share Buttons - https:\/\/www.hupso.com\/share\/ --><a class=\"hupso_toolbar\" href=\"https:\/\/www.hupso.com\/share\/\"><img src=\"https:\/\/static.hupso.com\/share\/buttons\/lang\/da\/share-small.png\" style=\"border:0px; padding-top: 5px; float:left;\" alt=\"Share Button\"\/><\/a><script type=\"text\/javascript\">var hupso_services_t=new Array(\"Twitter\",\"Facebook\",\"Google Plus\",\"Pinterest\",\"Linkedin\");var hupso_background_t=\"#EAF4FF\";var hupso_border_t=\"#66CCFF\";var hupso_toolbar_size_t=\"small\";var hupso_image_folder_url = \"\";var hupso_url_t=\"\";var hupso_title_t=\"Ingef%C3%A6r%20reducerer%20kvalme%20hos%20kr%C3%A6ftpatienter%20under%20behandling\";<\/script><script type=\"text\/javascript\" src=\"https:\/\/static.hupso.com\/share\/js\/share_toolbar.js\"><\/script><!-- Hupso Share Buttons --><\/div>","protected":false},"author":2,"featured_media":0,"parent":0,"menu_order":0,"comment_status":"closed","ping_status":"closed","template":"","meta":{"footnotes":""},"class_list":["post-294","page","type-page","status-publish","hentry"],"_links":{"self":[{"href":"https:\/\/www.naardiagnosenerkraeft.dk\/index.php?rest_route=\/wp\/v2\/pages\/294","targetHints":{"allow":["GET"]}}],"collection":[{"href":"https:\/\/www.naardiagnosenerkraeft.dk\/index.php?rest_route=\/wp\/v2\/pages"}],"about":[{"href":"https:\/\/www.naardiagnosenerkraeft.dk\/index.php?rest_route=\/wp\/v2\/types\/page"}],"author":[{"embeddable":true,"href":"https:\/\/www.naardiagnosenerkraeft.dk\/index.php?rest_route=\/wp\/v2\/users\/2"}],"replies":[{"embeddable":true,"href":"https:\/\/www.naardiagnosenerkraeft.dk\/index.php?rest_route=%2Fwp%2Fv2%2Fcomments&post=294"}],"version-history":[{"count":5,"href":"https:\/\/www.naardiagnosenerkraeft.dk\/index.php?rest_route=\/wp\/v2\/pages\/294\/revisions"}],"predecessor-version":[{"id":399,"href":"https:\/\/www.naardiagnosenerkraeft.dk\/index.php?rest_route=\/wp\/v2\/pages\/294\/revisions\/399"}],"wp:attachment":[{"href":"https:\/\/www.naardiagnosenerkraeft.dk\/index.php?rest_route=%2Fwp%2Fv2%2Fmedia&parent=294"}],"curies":[{"name":"wp","href":"https:\/\/api.w.org\/{rel}","templated":true}]}}