{"id":346,"date":"2013-06-27T22:26:57","date_gmt":"2013-06-27T20:26:57","guid":{"rendered":"http:\/\/www.naardiagnosenerkraeft.dk\/?page_id=346"},"modified":"2013-06-27T22:26:57","modified_gmt":"2013-06-27T20:26:57","slug":"prostatakraeft-psa-og-granataeble-juice","status":"publish","type":"page","link":"https:\/\/www.naardiagnosenerkraeft.dk\/?page_id=346","title":{"rendered":"Prostatakr\u00e6ft, PSA og granat\u00e6ble juice"},"content":{"rendered":"<p>Granat\u00e6ble juice ser ud til at h\u00e6mme udviklingen i ( PSA (prostata-specifikt antigen) hos m\u00e6nd, der er behandlet for prostatakr\u00e6ft. PSA er en mark\u00f8r i blodet, som korrelerer med tumorv\u00e6kst og fremadskridende udvikling. <a href=\"http:\/\/www.naardiagnosenerkraeft.dk\/wp-content\/uploads\/2013\/06\/granat\u00e6ble9.jpg\"><img loading=\"lazy\" decoding=\"async\" class=\"alignright size-full wp-image-348\" alt=\"granat\u00e6ble9\" src=\"http:\/\/www.naardiagnosenerkraeft.dk\/wp-content\/uploads\/2013\/06\/granat\u00e6ble9.jpg\" width=\"150\" height=\"180\" \/><\/a><\/p>\n<p>Resultaterne af et lovende fors\u00f8g blev pr\u00e6senteret p\u00e5 den \u00e5rlige konference for American Urological Association i 2009.<a title=\"\" href=\"#_ftn1\">[1]<\/a> Fors\u00f8get var startet i 2003 med 46 m\u00e6nd, som efter at have afsluttet behandling for deres prostatakr\u00e6ft fortsat havde stigende PSA-niveau. M\u00e6ndene fik nu godt 225 gram granat\u00e6ble juice hver dag, indtil deres sygdom begyndte at udvikle sig igen.<a title=\"\" href=\"#_ftn2\">[2]<\/a><\/p>\n<p>Fordoblingen af PSA-niveauet nedsattes signifikant fra et gennemsnit p\u00e5 15 m\u00e5neder ved starten til 54 m\u00e5neder i opf\u00f8lgningsperioden, hvilket tydede p\u00e5 en langsommere sygdomsudvikling, mens kr\u00e6ftcellernes v\u00e6kst nedsattes med 12% og apoptosen steg med 17%. \u00a0Apoptose er cellernes \u201dselvmordsproces\u201d.<\/p>\n<hr align=\"left\" size=\"1\" width=\"33%\" \/>\n<p>&nbsp;<\/p>\n<div>\n<div>\n<p><a title=\"\" href=\"#_ftnref1\">[1]<\/a> J Urol. 2009 April;181(4;Suppl 1):295. Abstract 826.<\/p>\n<\/div>\n<div>\n<p><a title=\"\" href=\"#_ftnref2\">[2]<\/a> Clin Cancer Res. 2006 Jul 1;12(13):4018-26.<\/p>\n<p><a href=\"http:\/\/www.lef.org\">www.lef.org<\/a><\/p>\n<\/div>\n<\/div>\n<div style=\"padding-bottom:20px; padding-top:10px;\" class=\"hupso-share-buttons\"><!-- Hupso Share Buttons - https:\/\/www.hupso.com\/share\/ --><a class=\"hupso_toolbar\" href=\"https:\/\/www.hupso.com\/share\/\"><img decoding=\"async\" src=\"https:\/\/static.hupso.com\/share\/buttons\/lang\/da\/share-small.png\" style=\"border:0px; padding-top: 5px; float:left;\" alt=\"Share Button\"\/><\/a><script type=\"text\/javascript\">var hupso_services_t=new Array(\"Twitter\",\"Facebook\",\"Google Plus\",\"Pinterest\",\"Linkedin\");var hupso_background_t=\"#EAF4FF\";var hupso_border_t=\"#66CCFF\";var hupso_toolbar_size_t=\"small\";var hupso_image_folder_url = \"\";var hupso_url_t=\"\";var hupso_title_t=\"Prostatakr%C3%A6ft%2C%20PSA%20og%20granat%C3%A6ble%20juice\";<\/script><script type=\"text\/javascript\" src=\"https:\/\/static.hupso.com\/share\/js\/share_toolbar.js\"><\/script><!-- Hupso Share Buttons --><\/div>","protected":false},"excerpt":{"rendered":"<p>Granat\u00e6ble juice ser ud til at h\u00e6mme udviklingen i ( PSA (prostata-specifikt antigen) hos m\u00e6nd, der er behandlet for prostatakr\u00e6ft. PSA er en mark\u00f8r i blodet, som korrelerer med tumorv\u00e6kst og fremadskridende udvikling. Resultaterne af et lovende fors\u00f8g blev pr\u00e6senteret &hellip; <a href=\"https:\/\/www.naardiagnosenerkraeft.dk\/?page_id=346\">L\u00e6s resten <span class=\"meta-nav\">&rarr;<\/span><\/a><\/p>\n<div style=\"padding-bottom:20px; padding-top:10px;\" class=\"hupso-share-buttons\"><!-- Hupso Share Buttons - https:\/\/www.hupso.com\/share\/ --><a class=\"hupso_toolbar\" href=\"https:\/\/www.hupso.com\/share\/\"><img src=\"https:\/\/static.hupso.com\/share\/buttons\/lang\/da\/share-small.png\" style=\"border:0px; padding-top: 5px; float:left;\" alt=\"Share Button\"\/><\/a><script type=\"text\/javascript\">var hupso_services_t=new Array(\"Twitter\",\"Facebook\",\"Google Plus\",\"Pinterest\",\"Linkedin\");var hupso_background_t=\"#EAF4FF\";var hupso_border_t=\"#66CCFF\";var hupso_toolbar_size_t=\"small\";var hupso_image_folder_url = \"\";var hupso_url_t=\"\";var hupso_title_t=\"Prostatakr%C3%A6ft%2C%20PSA%20og%20granat%C3%A6ble%20juice\";<\/script><script type=\"text\/javascript\" src=\"https:\/\/static.hupso.com\/share\/js\/share_toolbar.js\"><\/script><!-- Hupso Share Buttons --><\/div>","protected":false},"author":2,"featured_media":0,"parent":0,"menu_order":0,"comment_status":"closed","ping_status":"closed","template":"","meta":{"footnotes":""},"class_list":["post-346","page","type-page","status-publish","hentry"],"_links":{"self":[{"href":"https:\/\/www.naardiagnosenerkraeft.dk\/index.php?rest_route=\/wp\/v2\/pages\/346","targetHints":{"allow":["GET"]}}],"collection":[{"href":"https:\/\/www.naardiagnosenerkraeft.dk\/index.php?rest_route=\/wp\/v2\/pages"}],"about":[{"href":"https:\/\/www.naardiagnosenerkraeft.dk\/index.php?rest_route=\/wp\/v2\/types\/page"}],"author":[{"embeddable":true,"href":"https:\/\/www.naardiagnosenerkraeft.dk\/index.php?rest_route=\/wp\/v2\/users\/2"}],"replies":[{"embeddable":true,"href":"https:\/\/www.naardiagnosenerkraeft.dk\/index.php?rest_route=%2Fwp%2Fv2%2Fcomments&post=346"}],"version-history":[{"count":2,"href":"https:\/\/www.naardiagnosenerkraeft.dk\/index.php?rest_route=\/wp\/v2\/pages\/346\/revisions"}],"predecessor-version":[{"id":349,"href":"https:\/\/www.naardiagnosenerkraeft.dk\/index.php?rest_route=\/wp\/v2\/pages\/346\/revisions\/349"}],"wp:attachment":[{"href":"https:\/\/www.naardiagnosenerkraeft.dk\/index.php?rest_route=%2Fwp%2Fv2%2Fmedia&parent=346"}],"curies":[{"name":"wp","href":"https:\/\/api.w.org\/{rel}","templated":true}]}}