{"id":364,"date":"2013-08-10T09:44:45","date_gmt":"2013-08-10T07:44:45","guid":{"rendered":"http:\/\/www.naardiagnosenerkraeft.dk\/?page_id=364"},"modified":"2013-08-10T09:44:45","modified_gmt":"2013-08-10T07:44:45","slug":"beskyt-hjertet-med-hvidlog","status":"publish","type":"page","link":"https:\/\/www.naardiagnosenerkraeft.dk\/?page_id=364","title":{"rendered":"Beskyt hjertet med hvidl\u00f8g"},"content":{"rendered":"<p><a href=\"http:\/\/www.naardiagnosenerkraeft.dk\/wp-content\/uploads\/2013\/08\/Hvidl\u00f8g2.jpg\"><img loading=\"lazy\" decoding=\"async\" class=\"wp-image-368 alignleft\" alt=\"Hvidl\u00f8g2\" src=\"http:\/\/www.naardiagnosenerkraeft.dk\/wp-content\/uploads\/2013\/08\/Hvidl\u00f8g2.jpg\" width=\"265\" height=\"185\" srcset=\"https:\/\/www.naardiagnosenerkraeft.dk\/wp-content\/uploads\/2013\/08\/Hvidl\u00f8g2.jpg 2048w, https:\/\/www.naardiagnosenerkraeft.dk\/wp-content\/uploads\/2013\/08\/Hvidl\u00f8g2-300x209.jpg 300w, https:\/\/www.naardiagnosenerkraeft.dk\/wp-content\/uploads\/2013\/08\/Hvidl\u00f8g2-1024x714.jpg 1024w, https:\/\/www.naardiagnosenerkraeft.dk\/wp-content\/uploads\/2013\/08\/Hvidl\u00f8g2-800x558.jpg 800w, https:\/\/www.naardiagnosenerkraeft.dk\/wp-content\/uploads\/2013\/08\/Hvidl\u00f8g2-1200x837.jpg 1200w\" sizes=\"auto, (max-width: 265px) 100vw, 265px\" \/><\/a>Forskere fra Californien har i et studie vist, at lagret hvidl\u00f8gs ekstrakt kan sl\u00f8ve udviklingen af \u00e5reforkalkningen og dermed v\u00e6re en hj\u00e6lp for personer med risiko for hjertekarsygdom.<a title=\"\" href=\"#_ftn1\">[1]<\/a><\/p>\n<p>I et randomiseret, dobbelt-blindet placebo-kontrolleret pilotfors\u00f8g blev 19 personer, der b\u00e5de tog aspirin og kolesterolneds\u00e6ttende statiner fulgt gennem 1 \u00e5r.<\/p>\n<p>Halvdelen af dem fik 4 ml lagret hvidl\u00f8gsekstrakt hver dag, mens den anden halvdel fik et uvirksomt placebo-pr\u00e6parat. Forskerne brugte elektron-str\u00e5le tomografi (en ultrahurtig form for CT-scanning) til at m\u00e5le forandringer i forkalkningen af fors\u00f8gspersonernes arterier.\u00a0\u00a0De personer, der fik lagret hvidl\u00f8gs ekstrakt, havde meget mindre forkalkning af arterierne i fors\u00f8gsperioden end de, der fik placebo.<br clear=\"all\" \/><a href=\"http:\/\/www.naardiagnosenerkraeft.dk\/wp-content\/uploads\/2013\/08\/Kyolic-vs-placebo.gif\"><img loading=\"lazy\" decoding=\"async\" class=\"alignleft size-full wp-image-367\" alt=\"Kyolic vs placebo\" src=\"http:\/\/www.naardiagnosenerkraeft.dk\/wp-content\/uploads\/2013\/08\/Kyolic-vs-placebo.gif\" width=\"440\" height=\"338\" \/><\/a><\/p>\n<p>&nbsp;<\/p>\n<p>&nbsp;<\/p>\n<p>&nbsp;<\/p>\n<p>&nbsp;<\/p>\n<p>&nbsp;<\/p>\n<p><a href=\"http:\/\/jn.nutrition.org\/content\/136\/3\/741S.long\">http:\/\/jn.nutrition.org\/content\/136\/3\/741S.long<\/a><\/p>\n<p><a title=\"\" href=\"#_ftnref1\">[1]<\/a> Budoff M. Aged garlic extract retards progression of coronary artery calcification. J Nutr. 2006 Mar;136(3 Suppl):741S-4S.<\/p>\n<div>\n<div>\n<p>Budoff MJ, Takasu J, Flores FR, et al. Inhibiting progression of coronary calcification using Aged Garlic Extract in patients receiving statin therapy: a preliminary study. Prev Med. 2004 Nov;39(5):985-91.<\/p>\n<p><a href=\"http:\/\/www.lef.org\">www.lef.org<\/a><\/p>\n<\/div>\n<\/div>\n<div style=\"padding-bottom:20px; padding-top:10px;\" class=\"hupso-share-buttons\"><!-- Hupso Share Buttons - https:\/\/www.hupso.com\/share\/ --><a class=\"hupso_toolbar\" href=\"https:\/\/www.hupso.com\/share\/\"><img decoding=\"async\" src=\"https:\/\/static.hupso.com\/share\/buttons\/lang\/da\/share-small.png\" style=\"border:0px; padding-top: 5px; float:left;\" alt=\"Share Button\"\/><\/a><script type=\"text\/javascript\">var hupso_services_t=new Array(\"Twitter\",\"Facebook\",\"Google Plus\",\"Pinterest\",\"Linkedin\");var hupso_background_t=\"#EAF4FF\";var hupso_border_t=\"#66CCFF\";var hupso_toolbar_size_t=\"small\";var hupso_image_folder_url = \"\";var hupso_url_t=\"\";var hupso_title_t=\"Beskyt%20hjertet%20med%20hvidl%C3%B8g\";<\/script><script type=\"text\/javascript\" src=\"https:\/\/static.hupso.com\/share\/js\/share_toolbar.js\"><\/script><!-- Hupso Share Buttons --><\/div>","protected":false},"excerpt":{"rendered":"<p>Forskere fra Californien har i et studie vist, at lagret hvidl\u00f8gs ekstrakt kan sl\u00f8ve udviklingen af \u00e5reforkalkningen og dermed v\u00e6re en hj\u00e6lp for personer med risiko for hjertekarsygdom.[1] I et randomiseret, dobbelt-blindet placebo-kontrolleret pilotfors\u00f8g blev 19 personer, der b\u00e5de tog &hellip; <a href=\"https:\/\/www.naardiagnosenerkraeft.dk\/?page_id=364\">L\u00e6s resten <span class=\"meta-nav\">&rarr;<\/span><\/a><\/p>\n<div style=\"padding-bottom:20px; padding-top:10px;\" class=\"hupso-share-buttons\"><!-- Hupso Share Buttons - https:\/\/www.hupso.com\/share\/ --><a class=\"hupso_toolbar\" href=\"https:\/\/www.hupso.com\/share\/\"><img src=\"https:\/\/static.hupso.com\/share\/buttons\/lang\/da\/share-small.png\" style=\"border:0px; padding-top: 5px; float:left;\" alt=\"Share Button\"\/><\/a><script type=\"text\/javascript\">var hupso_services_t=new Array(\"Twitter\",\"Facebook\",\"Google Plus\",\"Pinterest\",\"Linkedin\");var hupso_background_t=\"#EAF4FF\";var hupso_border_t=\"#66CCFF\";var hupso_toolbar_size_t=\"small\";var hupso_image_folder_url = \"\";var hupso_url_t=\"\";var hupso_title_t=\"Beskyt%20hjertet%20med%20hvidl%C3%B8g\";<\/script><script type=\"text\/javascript\" src=\"https:\/\/static.hupso.com\/share\/js\/share_toolbar.js\"><\/script><!-- Hupso Share Buttons --><\/div>","protected":false},"author":2,"featured_media":0,"parent":0,"menu_order":0,"comment_status":"closed","ping_status":"closed","template":"","meta":{"footnotes":""},"class_list":["post-364","page","type-page","status-publish","hentry"],"_links":{"self":[{"href":"https:\/\/www.naardiagnosenerkraeft.dk\/index.php?rest_route=\/wp\/v2\/pages\/364","targetHints":{"allow":["GET"]}}],"collection":[{"href":"https:\/\/www.naardiagnosenerkraeft.dk\/index.php?rest_route=\/wp\/v2\/pages"}],"about":[{"href":"https:\/\/www.naardiagnosenerkraeft.dk\/index.php?rest_route=\/wp\/v2\/types\/page"}],"author":[{"embeddable":true,"href":"https:\/\/www.naardiagnosenerkraeft.dk\/index.php?rest_route=\/wp\/v2\/users\/2"}],"replies":[{"embeddable":true,"href":"https:\/\/www.naardiagnosenerkraeft.dk\/index.php?rest_route=%2Fwp%2Fv2%2Fcomments&post=364"}],"version-history":[{"count":8,"href":"https:\/\/www.naardiagnosenerkraeft.dk\/index.php?rest_route=\/wp\/v2\/pages\/364\/revisions"}],"predecessor-version":[{"id":375,"href":"https:\/\/www.naardiagnosenerkraeft.dk\/index.php?rest_route=\/wp\/v2\/pages\/364\/revisions\/375"}],"wp:attachment":[{"href":"https:\/\/www.naardiagnosenerkraeft.dk\/index.php?rest_route=%2Fwp%2Fv2%2Fmedia&parent=364"}],"curies":[{"name":"wp","href":"https:\/\/api.w.org\/{rel}","templated":true}]}}