{"id":404,"date":"2013-08-26T09:45:59","date_gmt":"2013-08-26T07:45:59","guid":{"rendered":"http:\/\/www.naardiagnosenerkraeft.dk\/?page_id=404"},"modified":"2013-08-26T09:45:59","modified_gmt":"2013-08-26T07:45:59","slug":"braendenaelder-hjaelper-mod-gigt","status":"publish","type":"page","link":"https:\/\/www.naardiagnosenerkraeft.dk\/?page_id=404","title":{"rendered":"Br\u00e6nden\u00e6lder hj\u00e6lper mod gigt"},"content":{"rendered":"<p>Ekstrakt af br\u00e6nden\u00e6ldeblade indeholder nogle aktive stoffer, som kan reducere nogle af de inflammatoriske faktorer (TNF-alpha og IL-1B), som begge er br\u00e6ndstof for COX-2, som igen er \u00a0medvirkende til gigtlidelser og andre inflammatoriske sygdomme.<a href=\"http:\/\/www.naardiagnosenerkraeft.dk\/wp-content\/uploads\/2013\/08\/br\u00e6nden\u00e6lde.jpg\"><img loading=\"lazy\" decoding=\"async\" class=\"alignright size-full wp-image-405\" alt=\"br\u00e6nden\u00e6lde\" src=\"http:\/\/www.naardiagnosenerkraeft.dk\/wp-content\/uploads\/2013\/08\/br\u00e6nden\u00e6lde.jpg\" width=\"225\" height=\"241\" \/><\/a><\/p>\n<p>Et observationsstudie med 8.955 patienter med forskellige former for gigt fik 1340 mg br\u00e6nden\u00e6lde ekstrakt i en periode p\u00e5 3 uger. Smerter ved hvile, ved motion og fysisk sv\u00e6kkelse blev m\u00e5l p\u00e5 en skala fra 0 til 4. Allerede efter 11 dages behandling kunne der m\u00e6rkes en effekt. Hos omkring 60% af de, der tog gigtmedicin (NSAID) f\u00f8r starten p\u00e5 behandlingen, kunne dosis af medicinen reduceres eller helt oph\u00f8re.<\/p>\n<p>Responsen var bedre, jo kortere tid patienterne havde taget NSAID f\u00f8r fors\u00f8get og jo mindre NSAID de havde f\u00e5et f\u00f8r starten p\u00e5 fors\u00f8get.<\/p>\n<p>I et andet studie med 40 personer, som led af akutte gigtsmerter, sammenlignede forskerne effekten af 200 mg af et NSAID l\u00e6gemiddel (Diflofenac) med kun 50 mg af det samme l\u00e6gemiddel kombineret med 50 gram stuvede br\u00e6nden\u00e6ldeblade dagligt. Ledsmerter og andre gigtsymptomer forbedredes signifikant hos begge grupper med ca. 70%.<\/p>\n<p>Tilf\u00f8jelsen af br\u00e6nden\u00e6lde ekstrakt gjorde det muligt at reducere dosis p\u00e5 gigtmedicinen med 75%, samtidig med at den anti-inflammatoriske effekt blev bibeholdt, mens bivirkningerne blev reduceret.<\/p>\n<p><b>Referencer:<br \/>\n<\/b>Teucher T, et al. [Cytokine secretion in whole blood of healthy subjects following oral administration of Urtica dioica L. plant extract]. Arzneimittelforschung 1996 Sep;46(9):906-10.<br \/>\nObertreis B, et al. Ex-vivo in-vitro inhibition of lipopolysaccharide stimulated tumor necrosis factor-alpha and interleukin-1 beta secretion in human whole blood by extractum urticae dioicae foliorum. Arzneimittelforschung 1996 Apr;46(4):389-94. Published erratum appears in Arzneimittelforschung 1996 Sep;46(9):936.<br \/>\nRiehemann K, et al. Plant extracts from stinging nettle (Urtica dioica), an antirheumatic remedy, inhibit the proinflammatory transcription factor NF-kappaB. FEBS Lett 1999 Jan 8;442(1):89-94.<br \/>\nChrubasik S, et al. Evidence for antirheumatic effectiveness of Herba Urticae in acute arthritis: a pilot study. Phytomedicine 1997 4:105-108.<br \/>\nRamm S., Hansen C (1997) Brenneselbl\u00e4tter-extakt: wirksam und vertr\u00e4glich bei Arthrose \u2013 und rheumatoider Arthritis. In: Rheumatherapie mit Phytopharmaka. Eds. S. Chrubasik, M. Wink. Hippokrates-Verlag Stuttgart, 97-106<\/p>\n<p><a href=\"http:\/\/www.iqb.es\/cbasicas\/farma\/farma06\/pdfs\/ortiga01.pdf\">http:\/\/www.iqb.es\/cbasicas\/farma\/farma06\/pdfs\/ortiga01.pdf<\/a><br \/>\n<a href=\"http:\/\/www.lef.org\">www.lef.org<\/a><\/p>\n<p>&nbsp;<\/p>\n<div style=\"padding-bottom:20px; padding-top:10px;\" class=\"hupso-share-buttons\"><!-- Hupso Share Buttons - https:\/\/www.hupso.com\/share\/ --><a class=\"hupso_toolbar\" href=\"https:\/\/www.hupso.com\/share\/\"><img decoding=\"async\" src=\"https:\/\/static.hupso.com\/share\/buttons\/lang\/da\/share-small.png\" style=\"border:0px; padding-top: 5px; float:left;\" alt=\"Share Button\"\/><\/a><script type=\"text\/javascript\">var hupso_services_t=new Array(\"Twitter\",\"Facebook\",\"Google Plus\",\"Pinterest\",\"Linkedin\");var hupso_background_t=\"#EAF4FF\";var hupso_border_t=\"#66CCFF\";var hupso_toolbar_size_t=\"small\";var hupso_image_folder_url = \"\";var hupso_url_t=\"\";var hupso_title_t=\"Br%C3%A6nden%C3%A6lder%20hj%C3%A6lper%20mod%20gigt\";<\/script><script type=\"text\/javascript\" src=\"https:\/\/static.hupso.com\/share\/js\/share_toolbar.js\"><\/script><!-- Hupso Share Buttons --><\/div>","protected":false},"excerpt":{"rendered":"<p>Ekstrakt af br\u00e6nden\u00e6ldeblade indeholder nogle aktive stoffer, som kan reducere nogle af de inflammatoriske faktorer (TNF-alpha og IL-1B), som begge er br\u00e6ndstof for COX-2, som igen er \u00a0medvirkende til gigtlidelser og andre inflammatoriske sygdomme. Et observationsstudie med 8.955 patienter med &hellip; <a href=\"https:\/\/www.naardiagnosenerkraeft.dk\/?page_id=404\">L\u00e6s resten <span class=\"meta-nav\">&rarr;<\/span><\/a><\/p>\n<div style=\"padding-bottom:20px; padding-top:10px;\" class=\"hupso-share-buttons\"><!-- Hupso Share Buttons - https:\/\/www.hupso.com\/share\/ --><a class=\"hupso_toolbar\" href=\"https:\/\/www.hupso.com\/share\/\"><img src=\"https:\/\/static.hupso.com\/share\/buttons\/lang\/da\/share-small.png\" style=\"border:0px; padding-top: 5px; float:left;\" alt=\"Share Button\"\/><\/a><script type=\"text\/javascript\">var hupso_services_t=new Array(\"Twitter\",\"Facebook\",\"Google Plus\",\"Pinterest\",\"Linkedin\");var hupso_background_t=\"#EAF4FF\";var hupso_border_t=\"#66CCFF\";var hupso_toolbar_size_t=\"small\";var hupso_image_folder_url = \"\";var hupso_url_t=\"\";var hupso_title_t=\"Br%C3%A6nden%C3%A6lder%20hj%C3%A6lper%20mod%20gigt\";<\/script><script type=\"text\/javascript\" src=\"https:\/\/static.hupso.com\/share\/js\/share_toolbar.js\"><\/script><!-- Hupso Share Buttons --><\/div>","protected":false},"author":2,"featured_media":0,"parent":0,"menu_order":0,"comment_status":"closed","ping_status":"closed","template":"","meta":{"footnotes":""},"class_list":["post-404","page","type-page","status-publish","hentry"],"_links":{"self":[{"href":"https:\/\/www.naardiagnosenerkraeft.dk\/index.php?rest_route=\/wp\/v2\/pages\/404","targetHints":{"allow":["GET"]}}],"collection":[{"href":"https:\/\/www.naardiagnosenerkraeft.dk\/index.php?rest_route=\/wp\/v2\/pages"}],"about":[{"href":"https:\/\/www.naardiagnosenerkraeft.dk\/index.php?rest_route=\/wp\/v2\/types\/page"}],"author":[{"embeddable":true,"href":"https:\/\/www.naardiagnosenerkraeft.dk\/index.php?rest_route=\/wp\/v2\/users\/2"}],"replies":[{"embeddable":true,"href":"https:\/\/www.naardiagnosenerkraeft.dk\/index.php?rest_route=%2Fwp%2Fv2%2Fcomments&post=404"}],"version-history":[{"count":1,"href":"https:\/\/www.naardiagnosenerkraeft.dk\/index.php?rest_route=\/wp\/v2\/pages\/404\/revisions"}],"predecessor-version":[{"id":406,"href":"https:\/\/www.naardiagnosenerkraeft.dk\/index.php?rest_route=\/wp\/v2\/pages\/404\/revisions\/406"}],"wp:attachment":[{"href":"https:\/\/www.naardiagnosenerkraeft.dk\/index.php?rest_route=%2Fwp%2Fv2%2Fmedia&parent=404"}],"curies":[{"name":"wp","href":"https:\/\/api.w.org\/{rel}","templated":true}]}}