{"id":469,"date":"2013-09-05T08:13:54","date_gmt":"2013-09-05T06:13:54","guid":{"rendered":"http:\/\/www.naardiagnosenerkraeft.dk\/?page_id=469"},"modified":"2013-09-05T08:15:12","modified_gmt":"2013-09-05T06:15:12","slug":"maend-der-drikker-kaffe-har-mindre-risiko-for-fremskreden-prostatakraeft","status":"publish","type":"page","link":"https:\/\/www.naardiagnosenerkraeft.dk\/?page_id=469","title":{"rendered":"M\u00e6nd der drikker kaffe har mindre risiko for fremskreden prostatakr\u00e6ft"},"content":{"rendered":"<p><a href=\"http:\/\/www.naardiagnosenerkraeft.dk\/wp-content\/uploads\/2013\/09\/kaffeb\u00f8nner3.jpg\"><img loading=\"lazy\" decoding=\"async\" class=\"alignright size-full wp-image-470\" alt=\"kaffeb\u00f8nner3\" src=\"http:\/\/www.naardiagnosenerkraeft.dk\/wp-content\/uploads\/2013\/09\/kaffeb\u00f8nner3.jpg\" width=\"150\" height=\"180\" \/><\/a><\/p>\n<p>Forskere fra Harvard School of Public Health fremlagde for et par \u00e5r siden resultaterne fra en unders\u00f8gelse baseret p\u00e5 data fra knap 50.000 deltagere i Health Professionals\u2019 Follow-Up Study.<\/p>\n<p>Indtaget af kaffe blev for perioden 1986 og hvert fjerde \u00e5r frem til 2006 vurderet og registreret.<\/p>\n<p>Kaffedrikning s\u00e5 kun ud til at have en lille beskyttende effekt p\u00e5 den samlede risiko for prostatakr\u00e6ft, men resultaterne var anderledes opsigtsv\u00e6kkende, n\u00e5r det drejer sig om risikoen for fremskreden og d\u00f8delig udvikling af denne kr\u00e6ftform.<\/p>\n<p>Konklusionen var faktisk, at risikoen for aggressiv udvikling af prostatakr\u00e6ft var hele 59% lavere hos de m\u00e6nd, der drak mest kaffe.<\/p>\n<p>Yderligere analyser af materialet har vist, at de m\u00e6nd, der drak \u00a06 kopper kaffe dagligt havde en 18% lavere risiko for prostatakr\u00e6ft \u2013 og en 40% lavere risiko for aggressiv eller d\u00f8delig \u00a0udvikling af sygdommen.<\/p>\n<p>Andre studier har vist, at risikoen for udvikling af prostatakr\u00e6ft kan reduceres med is\u00e6r korsblomstrede gr\u00f8nsager som broccoli og blomk\u00e5l, gr\u00f8n the og tomatprodukter, som indeholder lycopen.<\/p>\n<p>Referencer:<br \/>\nStudy from the Frontiers in Cancer Prevention Research Conference, Dec. 6-9, 2009.<\/p>\n<p>Wilson KM, Kasperzyk JL, Rider JR. Coffee consumption and prostate cancer risk and progression in the health professionals follow-up study. <i>J Natl Cancer Inst<\/i>. 2011 Jun 8;103(11):876-84.<br \/>\n<a href=\"http:\/\/www.lef.org\">www.lef.org<\/a><\/p>\n<div style=\"padding-bottom:20px; padding-top:10px;\" class=\"hupso-share-buttons\"><!-- Hupso Share Buttons - https:\/\/www.hupso.com\/share\/ --><a class=\"hupso_toolbar\" href=\"https:\/\/www.hupso.com\/share\/\"><img decoding=\"async\" src=\"https:\/\/static.hupso.com\/share\/buttons\/lang\/da\/share-small.png\" style=\"border:0px; padding-top: 5px; float:left;\" alt=\"Share Button\"\/><\/a><script type=\"text\/javascript\">var hupso_services_t=new Array(\"Twitter\",\"Facebook\",\"Google Plus\",\"Pinterest\",\"Linkedin\");var hupso_background_t=\"#EAF4FF\";var hupso_border_t=\"#66CCFF\";var hupso_toolbar_size_t=\"small\";var hupso_image_folder_url = \"\";var hupso_url_t=\"\";var hupso_title_t=\"M%C3%A6nd%20der%20drikker%20kaffe%20har%20mindre%20risiko%20for%20fremskreden%20prostatakr%C3%A6ft\";<\/script><script type=\"text\/javascript\" src=\"https:\/\/static.hupso.com\/share\/js\/share_toolbar.js\"><\/script><!-- Hupso Share Buttons --><\/div>","protected":false},"excerpt":{"rendered":"<p>Forskere fra Harvard School of Public Health fremlagde for et par \u00e5r siden resultaterne fra en unders\u00f8gelse baseret p\u00e5 data fra knap 50.000 deltagere i Health Professionals\u2019 Follow-Up Study. Indtaget af kaffe blev for perioden 1986 og hvert fjerde \u00e5r &hellip; <a href=\"https:\/\/www.naardiagnosenerkraeft.dk\/?page_id=469\">L\u00e6s resten <span class=\"meta-nav\">&rarr;<\/span><\/a><\/p>\n<div style=\"padding-bottom:20px; padding-top:10px;\" class=\"hupso-share-buttons\"><!-- Hupso Share Buttons - https:\/\/www.hupso.com\/share\/ --><a class=\"hupso_toolbar\" href=\"https:\/\/www.hupso.com\/share\/\"><img src=\"https:\/\/static.hupso.com\/share\/buttons\/lang\/da\/share-small.png\" style=\"border:0px; padding-top: 5px; float:left;\" alt=\"Share Button\"\/><\/a><script type=\"text\/javascript\">var hupso_services_t=new Array(\"Twitter\",\"Facebook\",\"Google Plus\",\"Pinterest\",\"Linkedin\");var hupso_background_t=\"#EAF4FF\";var hupso_border_t=\"#66CCFF\";var hupso_toolbar_size_t=\"small\";var hupso_image_folder_url = \"\";var hupso_url_t=\"\";var hupso_title_t=\"M%C3%A6nd%20der%20drikker%20kaffe%20har%20mindre%20risiko%20for%20fremskreden%20prostatakr%C3%A6ft\";<\/script><script type=\"text\/javascript\" src=\"https:\/\/static.hupso.com\/share\/js\/share_toolbar.js\"><\/script><!-- Hupso Share Buttons --><\/div>","protected":false},"author":2,"featured_media":0,"parent":0,"menu_order":0,"comment_status":"closed","ping_status":"closed","template":"","meta":{"footnotes":""},"class_list":["post-469","page","type-page","status-publish","hentry"],"_links":{"self":[{"href":"https:\/\/www.naardiagnosenerkraeft.dk\/index.php?rest_route=\/wp\/v2\/pages\/469","targetHints":{"allow":["GET"]}}],"collection":[{"href":"https:\/\/www.naardiagnosenerkraeft.dk\/index.php?rest_route=\/wp\/v2\/pages"}],"about":[{"href":"https:\/\/www.naardiagnosenerkraeft.dk\/index.php?rest_route=\/wp\/v2\/types\/page"}],"author":[{"embeddable":true,"href":"https:\/\/www.naardiagnosenerkraeft.dk\/index.php?rest_route=\/wp\/v2\/users\/2"}],"replies":[{"embeddable":true,"href":"https:\/\/www.naardiagnosenerkraeft.dk\/index.php?rest_route=%2Fwp%2Fv2%2Fcomments&post=469"}],"version-history":[{"count":2,"href":"https:\/\/www.naardiagnosenerkraeft.dk\/index.php?rest_route=\/wp\/v2\/pages\/469\/revisions"}],"predecessor-version":[{"id":472,"href":"https:\/\/www.naardiagnosenerkraeft.dk\/index.php?rest_route=\/wp\/v2\/pages\/469\/revisions\/472"}],"wp:attachment":[{"href":"https:\/\/www.naardiagnosenerkraeft.dk\/index.php?rest_route=%2Fwp%2Fv2%2Fmedia&parent=469"}],"curies":[{"name":"wp","href":"https:\/\/api.w.org\/{rel}","templated":true}]}}