{"id":591,"date":"2014-04-07T18:31:56","date_gmt":"2014-04-07T16:31:56","guid":{"rendered":"http:\/\/www.naardiagnosenerkraeft.dk\/?page_id=591"},"modified":"2014-04-07T18:31:56","modified_gmt":"2014-04-07T16:31:56","slug":"curcumin-reducerer-inflammation-ligesaa-godt-som-gigtmedicin","status":"publish","type":"page","link":"https:\/\/www.naardiagnosenerkraeft.dk\/?page_id=591","title":{"rendered":"Curcumin reducerer inflammation liges\u00e5 godt som gigtmedicin"},"content":{"rendered":"<p><a href=\"http:\/\/www.naardiagnosenerkraeft.dk\/wp-content\/uploads\/2014\/04\/curcumin8.jpg\"><img loading=\"lazy\" decoding=\"async\" class=\"alignright size-full wp-image-592\" alt=\"curcumin8\" src=\"http:\/\/www.naardiagnosenerkraeft.dk\/wp-content\/uploads\/2014\/04\/curcumin8.jpg\" width=\"263\" height=\"164\" data-wp-pid=\"592\" \/><\/a>Forskere fra universiteter i Indonesien \u00f8nskede at unders\u00f8ge, hvorvidt curcumin fra gurkemeje kunne afhj\u00e6lpe smerter i forbindelse med slidgigt i kn\u00e6et liges\u00e5 effektivt som gigtmedicinen Diclofenac m\u00e5lt ved tilstedev\u00e6relsen af det pro-inflammatoriske stof COX-2 i kn\u00e6ets ledv\u00e6ske.<\/p>\n<p>De fordelte 80 frivillige patienter med mild til moderat gigt i kn\u00e6et i to grupper ved lodtr\u00e6kning. Den ene gruppe fik 30 mg curcumin (ekstrakt fra gurkemejeroden) 3 gange dagligt. Den anden fik 25 mg Diclofenac 3 gange dagligt.<\/p>\n<p>Fors\u00f8gspersonerne blev bedt om f\u00e5 tilstr\u00e6kkelig hvile og ikke g\u00e5 for meget for at holde deres kn\u00e6symptomer stabile uden de store udsving. Efter 4 uger blev resultaterne evalueret.<\/p>\n<p>Forskerne konkluderede, at curcumin var i stand til at undertrykke COX-2 enzymet i kn\u00e6enes ledv\u00e6ske i samme grad som gigtmedicinen Diclofenac.<\/p>\n<p>&nbsp;<\/p>\n<p>&nbsp;<\/p>\n<p><b>Reference: <\/b>Nyoman Kertia et al.: Ability of Curcumioid Compared til Diclofenac Sodium in reducing the Secretion of Cycloxygenase-2 Enzyme by Synovial Fluid\u00b4s Monocytes of Patients with Osteoarthritis. Acta Medica Indonesiana \u2013 The Indonisian Journal of Internal medicine p. 105-113<\/p>\n<div style=\"padding-bottom:20px; padding-top:10px;\" class=\"hupso-share-buttons\"><!-- Hupso Share Buttons - https:\/\/www.hupso.com\/share\/ --><a class=\"hupso_toolbar\" href=\"https:\/\/www.hupso.com\/share\/\"><img decoding=\"async\" src=\"https:\/\/static.hupso.com\/share\/buttons\/lang\/da\/share-small.png\" style=\"border:0px; padding-top: 5px; float:left;\" alt=\"Share Button\"\/><\/a><script type=\"text\/javascript\">var hupso_services_t=new Array(\"Twitter\",\"Facebook\",\"Google Plus\",\"Pinterest\",\"Linkedin\");var hupso_background_t=\"#EAF4FF\";var hupso_border_t=\"#66CCFF\";var hupso_toolbar_size_t=\"small\";var hupso_image_folder_url = \"\";var hupso_url_t=\"\";var hupso_title_t=\"Curcumin%20reducerer%20inflammation%20liges%C3%A5%20godt%20som%20gigtmedicin\";<\/script><script type=\"text\/javascript\" src=\"https:\/\/static.hupso.com\/share\/js\/share_toolbar.js\"><\/script><!-- Hupso Share Buttons --><\/div>","protected":false},"excerpt":{"rendered":"<p>Forskere fra universiteter i Indonesien \u00f8nskede at unders\u00f8ge, hvorvidt curcumin fra gurkemeje kunne afhj\u00e6lpe smerter i forbindelse med slidgigt i kn\u00e6et liges\u00e5 effektivt som gigtmedicinen Diclofenac m\u00e5lt ved tilstedev\u00e6relsen af det pro-inflammatoriske stof COX-2 i kn\u00e6ets ledv\u00e6ske. De fordelte 80 &hellip; <a href=\"https:\/\/www.naardiagnosenerkraeft.dk\/?page_id=591\">L\u00e6s resten <span class=\"meta-nav\">&rarr;<\/span><\/a><\/p>\n<div style=\"padding-bottom:20px; padding-top:10px;\" class=\"hupso-share-buttons\"><!-- Hupso Share Buttons - https:\/\/www.hupso.com\/share\/ --><a class=\"hupso_toolbar\" href=\"https:\/\/www.hupso.com\/share\/\"><img src=\"https:\/\/static.hupso.com\/share\/buttons\/lang\/da\/share-small.png\" style=\"border:0px; padding-top: 5px; float:left;\" alt=\"Share Button\"\/><\/a><script type=\"text\/javascript\">var hupso_services_t=new Array(\"Twitter\",\"Facebook\",\"Google Plus\",\"Pinterest\",\"Linkedin\");var hupso_background_t=\"#EAF4FF\";var hupso_border_t=\"#66CCFF\";var hupso_toolbar_size_t=\"small\";var hupso_image_folder_url = \"\";var hupso_url_t=\"\";var hupso_title_t=\"Curcumin%20reducerer%20inflammation%20liges%C3%A5%20godt%20som%20gigtmedicin\";<\/script><script type=\"text\/javascript\" src=\"https:\/\/static.hupso.com\/share\/js\/share_toolbar.js\"><\/script><!-- Hupso Share Buttons --><\/div>","protected":false},"author":2,"featured_media":0,"parent":0,"menu_order":0,"comment_status":"closed","ping_status":"closed","template":"","meta":{"footnotes":""},"class_list":["post-591","page","type-page","status-publish","hentry"],"_links":{"self":[{"href":"https:\/\/www.naardiagnosenerkraeft.dk\/index.php?rest_route=\/wp\/v2\/pages\/591","targetHints":{"allow":["GET"]}}],"collection":[{"href":"https:\/\/www.naardiagnosenerkraeft.dk\/index.php?rest_route=\/wp\/v2\/pages"}],"about":[{"href":"https:\/\/www.naardiagnosenerkraeft.dk\/index.php?rest_route=\/wp\/v2\/types\/page"}],"author":[{"embeddable":true,"href":"https:\/\/www.naardiagnosenerkraeft.dk\/index.php?rest_route=\/wp\/v2\/users\/2"}],"replies":[{"embeddable":true,"href":"https:\/\/www.naardiagnosenerkraeft.dk\/index.php?rest_route=%2Fwp%2Fv2%2Fcomments&post=591"}],"version-history":[{"count":1,"href":"https:\/\/www.naardiagnosenerkraeft.dk\/index.php?rest_route=\/wp\/v2\/pages\/591\/revisions"}],"predecessor-version":[{"id":593,"href":"https:\/\/www.naardiagnosenerkraeft.dk\/index.php?rest_route=\/wp\/v2\/pages\/591\/revisions\/593"}],"wp:attachment":[{"href":"https:\/\/www.naardiagnosenerkraeft.dk\/index.php?rest_route=%2Fwp%2Fv2%2Fmedia&parent=591"}],"curies":[{"name":"wp","href":"https:\/\/api.w.org\/{rel}","templated":true}]}}