{"id":651,"date":"2014-11-13T16:02:05","date_gmt":"2014-11-13T15:02:05","guid":{"rendered":"http:\/\/www.naardiagnosenerkraeft.dk\/?page_id=651"},"modified":"2015-05-19T11:27:54","modified_gmt":"2015-05-19T09:27:54","slug":"nu-kan-behandlingen-med-tamoxifen-skraeddersys-til-den-enkelte-brystkraeftpatient","status":"publish","type":"page","link":"https:\/\/www.naardiagnosenerkraeft.dk\/?page_id=651","title":{"rendered":"Nu kan behandlingen med Tamoxifen skr\u00e6ddersys til den enkelte brystkr\u00e6ftpatient"},"content":{"rendered":"<p>Indenfor de sidste par \u00e5r har forskere fundet frem til mark\u00f8rer, som kan v\u00e6re med til at forudsige, om behandling med Tamoxifen\u00a0 gavner patienten eller kun medf\u00f8rer bivirkningerne.\u00a0<a href=\"http:\/\/www.naardiagnosenerkraeft.dk\/wp-content\/uploads\/2014\/11\/brystkr\u00e6ft4.jpg\"><img loading=\"lazy\" decoding=\"async\" class=\"alignright size-full wp-image-652\" src=\"http:\/\/www.naardiagnosenerkraeft.dk\/wp-content\/uploads\/2014\/11\/brystkr\u00e6ft4.jpg\" alt=\"brystkr\u00e6ft4\" width=\"150\" height=\"211\" data-wp-pid=\"652\" \/><\/a> Tamoxifen er en anti-hormon behandling, som i dag gives til omkring 75% af brystkr\u00e6ftpatienterne for at forebygge tilbagefald. L\u00e6gemidlet virker p\u00e5 nogen, men ikke p\u00e5 andre.<\/p>\n<p>De mest almindelige bivirkninger er hedeture, hovedpine og utilpashed generelt. Af sj\u00e6ldnere og mere alvorlige bivirkninger kan n\u00e6vnes blodpropper og en for\u00f8get risiko for livmoderkr\u00e6ft.<\/p>\n<p>Det er derfor et stort fremskridt, hvis de brystkr\u00e6ftpatienter, der ikke har gavn af behandlingen, kan undg\u00e5 at tage den i de 10 \u00e5r, som er almindeligt i dag. Ligesom der i dag er laboratorier, der analyserer v\u00e6vspr\u00f8vers reaktion p\u00e5 forskellige kemopr\u00e6parater, vil det i fremtiden ogs\u00e5 v\u00e6re muligt at f\u00e5 lavet en test, som kan forudsige effekten af Tamoxifen p\u00e5 den enkeltes helt individuelle brystkr\u00e6ft.<\/p>\n<p>Forskere fra University of Manchester i Storbrittanien ledet af G\u00f6ran Landberg unders\u00f8gte bindev\u00e6vet, som omgiver brystkr\u00e6ft tumoren. Dette er kendt for at sende signaler til tumoren, som hj\u00e6lper den med at vokse. De opdagede, at det fingerpeg, som kunne forudsige tumorens respons p\u00e5 tamoxifen, ligger i fibroblast cellerne, som\u00a0er en del af cellerne i bindev\u00e6vet. Disse celler adskiller sig fra person til person med hensyn til visse karakteristika.[1]<\/p>\n<p>Forskerne analyserede v\u00e6vspr\u00f8ver fra 564 kvinder med invasiv brystkr\u00e6ft. Nogle af kvinderne fik Tamoxifen, andre gjorde ikke. Det viste sig, at de kvinder, der havde lave niveauer af et protein, der kaldes pERK i fibroblasterne i det v\u00e6v, der l\u00e5 omkring tumoren, ikke reagerede p\u00e5 Tamoxifen og derfor heller ikke havde gavn at det.<\/p>\n<p>Sara Alkner, som er l\u00e6ge p\u00e5 den onkologiske klinik i Lund og forsker ved Lunds Universitet fik i 2013 en pris for opdagelsen af en anden mark\u00f8r kaldet AIB1, som aktiverer \u00f8strogenreceptorerne i en brystkr\u00e6ft tumor. Brystkr\u00e6ftpatienter, som har h\u00f8je niveauer af denne mark\u00f8r, reagerer godt p\u00e5 Tamoxifen, fort\u00e6ller hun i et interview.[2 F\u00e6rre fik tilbagefald og prognosen var generelt bedre.<\/p>\n<p>Derimod kunne der ikke konstateres nogen forbedring hos de patienter, der havde lave niveauer af AIB1. Disse patienter har ingen gavn af behandlingen, og de kan dermed undg\u00e5 un\u00f8dvendige bivirkninger. Alkner forts\u00e6tter i \u00f8jeblikket arbejdet med at analysere v\u00e6vsmasse fra tumorer, der er indsamlet fra 728 kvinder i det sydlige Sverige, og metoden kan forh\u00e5bentlig inden l\u00e6nge implementeres i kr\u00e6ftbehandlingen, s\u00e5 det kun er de patienter, der reagerer positivt p\u00e5 behandlingen, der rent faktisk f\u00e5r den.<\/p>\n<p>(Se ogs\u00e5 artiklen Individuel behandling er fremtidens kr\u00e6ftbehandling p\u00e5 <a href=\"http:\/\/www.n\u00e5rdiagnosenerkr\u00e6ft.dk\/\">www.n\u00e5rdiagnosenerkr\u00e6ft.dk<\/a><\/p>\n<p>[1] Publiceret i september nummeret \u00a02012 af PLoS One. <a href=\"http:\/\/www.dagensapotek.se\/\">www.dagensapotek.se<\/a><\/p>\n<p>[2] <a href=\"http:\/\/www.skane.se\/sv\/Webbplatser\/Skanes-universitetssjukhus\/Nyheter\/Arkiv\/Nyheter-2013\/Sara-har-tagit-ett-steg-narmara-skraddersydd-cancerbehandling\/\">www.skane.se\/sv\/Webbplatser\/Skanes-universitetssjukhus\/Nyheter\/Arkiv\/Nyheter-2013\/Sara-har-tagit-ett-steg-narmara-skraddersydd-cancerbehandling\/<\/a><\/p>\n<div style=\"padding-bottom:20px; padding-top:10px;\" class=\"hupso-share-buttons\"><!-- Hupso Share Buttons - https:\/\/www.hupso.com\/share\/ --><a class=\"hupso_toolbar\" href=\"https:\/\/www.hupso.com\/share\/\"><img decoding=\"async\" src=\"https:\/\/static.hupso.com\/share\/buttons\/lang\/da\/share-small.png\" style=\"border:0px; padding-top: 5px; float:left;\" alt=\"Share Button\"\/><\/a><script type=\"text\/javascript\">var hupso_services_t=new Array(\"Twitter\",\"Facebook\",\"Google Plus\",\"Pinterest\",\"Linkedin\");var hupso_background_t=\"#EAF4FF\";var hupso_border_t=\"#66CCFF\";var hupso_toolbar_size_t=\"small\";var hupso_image_folder_url = \"\";var hupso_url_t=\"\";var hupso_title_t=\"Nu%20kan%20behandlingen%20med%20Tamoxifen%20skr%C3%A6ddersys%20til%20den%20enkelte%20brystkr%C3%A6ftpatient\";<\/script><script type=\"text\/javascript\" src=\"https:\/\/static.hupso.com\/share\/js\/share_toolbar.js\"><\/script><!-- Hupso Share Buttons --><\/div>","protected":false},"excerpt":{"rendered":"<p>Indenfor de sidste par \u00e5r har forskere fundet frem til mark\u00f8rer, som kan v\u00e6re med til at forudsige, om behandling med Tamoxifen\u00a0 gavner patienten eller kun medf\u00f8rer bivirkningerne.\u00a0 Tamoxifen er en anti-hormon behandling, som i dag gives til omkring 75% &hellip; <a href=\"https:\/\/www.naardiagnosenerkraeft.dk\/?page_id=651\">L\u00e6s resten <span class=\"meta-nav\">&rarr;<\/span><\/a><\/p>\n<div style=\"padding-bottom:20px; padding-top:10px;\" class=\"hupso-share-buttons\"><!-- Hupso Share Buttons - https:\/\/www.hupso.com\/share\/ --><a class=\"hupso_toolbar\" href=\"https:\/\/www.hupso.com\/share\/\"><img src=\"https:\/\/static.hupso.com\/share\/buttons\/lang\/da\/share-small.png\" style=\"border:0px; padding-top: 5px; float:left;\" alt=\"Share Button\"\/><\/a><script type=\"text\/javascript\">var hupso_services_t=new Array(\"Twitter\",\"Facebook\",\"Google Plus\",\"Pinterest\",\"Linkedin\");var hupso_background_t=\"#EAF4FF\";var hupso_border_t=\"#66CCFF\";var hupso_toolbar_size_t=\"small\";var hupso_image_folder_url = \"\";var hupso_url_t=\"\";var hupso_title_t=\"Nu%20kan%20behandlingen%20med%20Tamoxifen%20skr%C3%A6ddersys%20til%20den%20enkelte%20brystkr%C3%A6ftpatient\";<\/script><script type=\"text\/javascript\" src=\"https:\/\/static.hupso.com\/share\/js\/share_toolbar.js\"><\/script><!-- Hupso Share Buttons --><\/div>","protected":false},"author":2,"featured_media":0,"parent":0,"menu_order":0,"comment_status":"closed","ping_status":"closed","template":"","meta":{"footnotes":""},"class_list":["post-651","page","type-page","status-publish","hentry"],"_links":{"self":[{"href":"https:\/\/www.naardiagnosenerkraeft.dk\/index.php?rest_route=\/wp\/v2\/pages\/651","targetHints":{"allow":["GET"]}}],"collection":[{"href":"https:\/\/www.naardiagnosenerkraeft.dk\/index.php?rest_route=\/wp\/v2\/pages"}],"about":[{"href":"https:\/\/www.naardiagnosenerkraeft.dk\/index.php?rest_route=\/wp\/v2\/types\/page"}],"author":[{"embeddable":true,"href":"https:\/\/www.naardiagnosenerkraeft.dk\/index.php?rest_route=\/wp\/v2\/users\/2"}],"replies":[{"embeddable":true,"href":"https:\/\/www.naardiagnosenerkraeft.dk\/index.php?rest_route=%2Fwp%2Fv2%2Fcomments&post=651"}],"version-history":[{"count":6,"href":"https:\/\/www.naardiagnosenerkraeft.dk\/index.php?rest_route=\/wp\/v2\/pages\/651\/revisions"}],"predecessor-version":[{"id":672,"href":"https:\/\/www.naardiagnosenerkraeft.dk\/index.php?rest_route=\/wp\/v2\/pages\/651\/revisions\/672"}],"wp:attachment":[{"href":"https:\/\/www.naardiagnosenerkraeft.dk\/index.php?rest_route=%2Fwp%2Fv2%2Fmedia&parent=651"}],"curies":[{"name":"wp","href":"https:\/\/api.w.org\/{rel}","templated":true}]}}